 7*b + 2*b**2 + 6*b**2. What is the units digit of s(-6)?
5
Suppose -64*m - 216851 = -1359507. What is the thousands digit of m?
7
Let n(g) = 2*g**2 + 17 + 25*g + 17*g - 56*g. Let y be n(6). Suppose 5*x - 1000 = y*u, u + 180 = x + 5*u. What is the hundreds digit of x?
1
Let f(y) = -208*y**2 - 17*y - 4. Let d be f(-5). Let c = d + 3236. What is the hundreds digit of c/(-14) + (-10)/(-4)?
1
Suppose -21*v = -20*v - 4*o - 13102, -2*v = -o - 26176. What is the units digit of v?
6
Let o be (-4)/6 + (-3300)/(-9). Let r be -2 + o/2 - (0 + -1). What is the tens digit of (-1575)/(-13) + (-28)/r?
2
Let z(t) = 6*t**2 - 8*t + 6. Let p(k) = 34*k - 143. Let a be p(4). What is the tens digit of z(a)?
5
Let f = -92 + 116. Let p = -17 + f. Suppose 0 = p*k - 16*k + 1098. What is the tens digit of k?
2
Let c(i) = -19*i**3 - 3*i**2 + 4*i - 5. Let b be c(-4). Suppose -4*k + 321 = -b. Suppose -2*x + 230 = d, 0*x + 3*x = 4*d + k. What is the hundreds digit of x?
1
Suppose 22*n - 143649 = 114191. What is the units digit of n?
0
Let k = 48 + -43. Suppose 621 = k*y + 4*d, y - 476 = -3*y + 2*d. What is the tens digit of y?
2
Suppose -57 - 109 = 2*w. What is the tens digit of 2*(-4 + w)*-6?
4
Suppose 52*p - 243305 = 140403. What is the hundreds digit of p?
3
Let q be 1/(3*7/42). What is the hundreds digit of (3/q + 0)*(-3204)/(-18)?
2
Suppose -115*t - 12832 = -83*t. Let j(k) = k**3 + k**2 + 568. Let i be j(0). Let h = i + t. What is the units digit of h?
7
Suppose 722*a + 6776 = 726*a. Let y = -975 + a. What is the units digit of y?
9
What is the tens digit of 1 - ((-4019)/2 - 84/168)?
1
Suppose 266 = 3*w - 160. Let s = 183 - w. What is the tens digit of s?
4
Let g be 3 - ((5 + -4 - -27) + -2). Let q = -3 - g. What is the tens digit of q?
2
Suppose 30*z - 3060 = 5520. Suppose 594 = 5*o - z. What is the units digit of o?
6
Suppose 80*h + 2161 = 6444 + 21557. What is the units digit of h?
3
Let b be (-2)/6 - ((-2600)/6)/4. Suppose -105*r - 4860 = -b*r. What is the tens digit of r?
2
Let l(k) = -206*k + 14. Let c be l(-11). Let z be -2 + 5/(25/c). Suppose 3*p + 4*y - 3*y - z = 0, -4*p + 5*y + 618 = 0. What is the tens digit of p?
5
Let t = 205 - 54. Let j = 1428 - t. What is the tens digit of j?
7
Suppose 6*k = 2*k - 12, 5*k + 2 = -y. Suppose -16*h + 2434 = -y*h - 4*u, 3*h - 5*u = 2429. What is the hundreds digit of h?
8
Let d = 13365 - -2731. Suppose -19*k - 13*k + d = 0. What is the units digit of k?
3
Let k = -4250 - -7593. What is the tens digit of k?
4
Let n be ((-69)/3)/((-3)/3) + 3. Suppose 32*v - 72 = n*v. Let u = v - -48. What is the units digit of u?
0
Let p(m) = -1589*m - 4593. What is the thousands digit of p(-14)?
7
Let m be ((-14)/(-4) - 5)/(9/(-24)). Let y = 40 + -37. Suppose -3*h = 3*u - 78, -y*u - h = -m*u + 26. What is the tens digit of u?
2
Suppose g - 2 = 87. Suppose -2*j - 10 = -2*f - j, 4*f - 5*j - 14 = 0. Suppose 115 + g = f*i. What is the tens digit of i?
3
Suppose -840*n + 835*n - 2*p = -110886, 3*p + 110846 = 5*n. What is the units digit of n?
4
What is the ten thousands digit of 263340/(110/11) - (1 - -8 - 3)?
2
Let r be 10/(-15) + 19*29/3. Let y = r + 16. What is the hundreds digit of y?
1
Let j(f) = -186*f - 255. Let h be j(-3). Let d(a) = 224*a - 1. Let b be d(2). Let c = b - h. What is the tens digit of c?
4
Let x(s) be the second derivative of -s**4/12 - 6*s**3 + s**2 + 2*s + 2. What is the hundreds digit of x(-28)?
2
Let p(v) = 108*v**2 + 3*v - 2. Let r be p(1). Let g(b) = 2 + 0 + r*b - 1. What is the units digit of g(1)?
0
Suppose -286 = 8*x + 250. Let g = 61 + x. What is the tens digit of 89/3 - g/18?
3
Let m = -44266 + 111752. What is the ten thousands digit of m?
6
Suppose -19*s - 42*s = 17*s - 4698330. What is the ten thousands digit of s?
6
Let u(l) = -221*l + 43. What is the tens digit of u(-16)?
7
Let x(b) = -3086*b - 3864. What is the hundreds digit of x(-9)?
9
What is the ten thousands digit of (-57)/(-38)*(7665 + (8 - 7))?
1
Let k be 1*(-5 + 1) - (-1 - 12). Suppose -2330 = -k*p + 289. What is the units digit of p?
1
Let d = 41 + -39. Suppose -4*p = -0*x + 4*x - 1052, 5*p + d*x - 1318 = 0. What is the units digit of p?
4
Let j(d) = -39*d + 101. Let i be j(25). What is the units digit of (24/36)/(1 - i/(-876))?
2
Let v = 1725 + -3201. Let w = -1009 - v. What is the units digit of w?
7
Let n = -196 + 194. Let t = 399 + n. What is the tens digit of t?
9
Suppose -52*u + 1206 + 8034 = -6256. What is the hundreds digit of u?
2
Let n(m) = m - 10. Let l be n(7). Suppose 0 = 5*t + 20*r - 24*r - 38, -36 = -3*t - 2*r. What is the units digit of (-2)/(l*t/1755)?
7
Suppose -2856 = -5*q - 4*d - 207, 5*d = 2*q - 1086. Let k = 843 - q. What is the units digit of k?
0
Suppose 5*c - 51804 = -2*p, -4*c + 38313 = 2*p - 3129. What is the tens digit of c?
6
Suppose 3*l = v + 3, -19 = 5*v - 2*l - 4. What is the hundreds digit of ((-72)/(-40))/(v/(-1085))?
6
Let a(s) = -21229*s + 38. Let f be a(6). Let t be (f/99 + (-4)/(-18))/(-2). Suppose 9*y - 266 - t = 0. What is the hundreds digit of y?
1
Let z(n) = n**3 + 19*n**2 + 17*n - 24. Let u(i) = -i**2 + 5*i + 7. Let l be u(-3). What is the units digit of z(l)?
5
Let g(j) = -17*j - 342. Let l be g(-20). Suppose 2*u = -v + 16 - 49, -4*u + 2*v = 62. What is the units digit of (-110)/l + (-12 - u)?
9
Let j(b) = -1367*b - 73. What is the hundreds digit of j(-1)?
2
Let t(p) = p**3 + 51*p**2 + 28*p + 124. What is the units digit of t(-50)?
4
Suppose 6*h + 2587 = 19*h. Let f = 852 + h. What is the tens digit of f?
5
Suppose -3*o + 4 = 4*s, 3*o - 8*s + 5 = -3*s. Suppose o = -g + 3*g - 122. Let h = -13 + g. What is the units digit of h?
8
Suppose -m - 2142 = -10*m. Suppose 3*l - 5*x + 15 - 679 = 0, -5*x = -l + m. Suppose 6*f - l = 243. What is the units digit of f?
6
What is the tens digit of (230/10 - 8)*2752/10?
2
Let t(s) be the third derivative of -1/4*s**4 + 0*s + 5/6*s**3 + 1/120*s**6 + 26*s**2 + 0 + 3/20*s**5. What is the units digit of t(-7)?
5
Suppose 816*s - 825*s + 88047 = 0. What is the tens digit of s?
8
Suppose -122 = -5*g - 4*b, -8*g = -4*g + b - 102. Suppose 0 = -g*j + 15*j + 4070. What is the units digit of j?
0
Suppose 4*h = 350 - 354. What is the tens digit of 1/2*(-1262 + 24)*h?
1
Suppose -233*i = -248*i + 31830. Suppose 1838 = 5*x - i. What is the hundreds digit of x?
7
Suppose 10*p + 7*p = 92282 - 15646. What is the hundreds digit of p?
5
Suppose 3*u + 3*h + 771 = -h, -4*h + 1028 = -4*u. What is the units digit of (-1)/(-3) - 2*u/6?
6
Suppose w - 9*w + 1040 = 0. Let u = w - 47. What is the units digit of u?
3
Let m = 15454 + -7953. What is the thousands digit of m?
7
What is the tens digit of 19054 - (-29 + 12) - (1 - -1)?
6
Suppose 5*j = -3*f + 4510 + 61699, 2*j - 44138 = -2*f. What is the units digit of f?
8
Let j(a) = -9 - 3*a**2 + 2*a**2 - 3*a**2 - 11 - a**3 - 10*a. Let m(h) = -3*h**2 - 28*h - 50. Let d be m(-2). What is the units digit of j(d)?
2
Let i = 11612 + -2516. What is the hundreds digit of i?
0
Let l(o) = 2*o**3 - 17*o**2 + 24*o + 180. What is the hundreds digit of l(17)?
5
Let g(z) = 32*z - 4. Let v be g(2). Suppose -9*w = 3*w - v. Suppose -845 = -5*t - w*y, 2*y = 3*t - 2*y - 507. What is the units digit of t?
9
Let b be (-37346)/(-4) + (285/(-30))/19. Suppose 2*p - 3744 = -0*v - 2*v, 5*p - b = 3*v. What is the tens digit of p?
6
Let j(l) be the second derivative of 25*l**4/12 - l**3 - 5*l**2 + 11*l. Let i be j(4). Suppose 15 = 4*x - 1, 3*p = 3*x + i. What is the units digit of p?
6
Let d be (-1 - -5 - 59) + 1. Suppose 3*a = -0*a + 423. Let h = d + a. What is the units digit of h?
7
Let l(m) = -m**3 - 5*m**2 + 6*m - 6. Let h(q) = q**3 - 7*q**2 + 9*q + 14. Let t be h(6). Suppose -t = -6*k + 10*k. What is the tens digit of l(k)?
3
Let b(v) = 8*v - 62. Let z be b(32). Suppose -202*h + z*h + 664 = 0. What is the units digit of h?
3
Let q(t) = -69*t + 3177. What is the units digit of q(-10)?
7
Let t be 22/6 + (-5)/(-15). Suppose 0 = t*z + 10 + 18. Let w(u) = 4*u**2 + 11*u - 7. What is the hundreds digit of w(z)?
1
Suppose 3*m - 125*n + 129*n = 101686, -4*m - n + 135616 = 0. What is the tens digit of m?
0
Suppose -33*o + 650081 + 262270 = 0. What is the ten thousands digit of o?
2
What is the thousands digit of 2*(-7)/(126/(-22329))?
2
Suppose -5*k + 10*k + 21521 = 2*m, 5*k + 53780 =